+ 1) - 2. Let b = 33 - n. Calculate the remainder when b is divided by s.
8
Suppose a + q + 2 = 7, 1 = q. Calculate the remainder when 14 is divided by a.
2
Let o(d) = -2*d**3 - 4*d + 0*d**2 - d**2 + 3*d**3. Let t = 32 - 22. What is the remainder when t is divided by o(3)?
4
Let x(k) = -6*k - 6. Let d = -8 - 0. Let v(p) = -18*p - 17. Let b(r) = d*x(r) + 3*v(r). Calculate the remainder when 16 is divided by b(-2).
7
Let n(a) be the second derivative of a**5/20 + a**4/2 + 5*a**3/6 + a**2 - 2*a. What is the remainder when 41 is divided by n(-3)?
13
Let l = 1 - 5. Let k(s) = 4*s - 2 + 2*s**2 + 1 + 2*s**2. What is the remainder when k(l) is divided by 16?
15
Let i = 8 - 6. Suppose i = 3*o - 4, -3*t - 2*o - 50 = 0. Let x = t + 27. Calculate the remainder when 16 is divided by x.
7
Let l(q) = 6*q - 4. What is the remainder when 39 is divided by l(4)?
19
Let f(w) be the first derivative of 2*w**3/3 + 5*w**2/2 - 7*w + 1. Let b(d) = -d**3 + 4*d**2 + d. Calculate the remainder when f(-6) is divided by b(3).
11
Calculate the remainder when 138 is divided by 1 + 2/6 + (-114)/(-9).
12
Suppose 2*i - 25 = 9. Calculate the remainder when 83 is divided by i.
15
Suppose 12 = 2*a + 2*a - 5*k, -a - k - 6 = 0. Suppose -d + 7 + 16 = 2*b, -4*b = 4*d - 56. Calculate the remainder when (-4)/(3/(39/a)) is divided by b.
8
Suppose -2*s - 115 = 3*s. Calculate the remainder when 22 is divided by (-1 + s)*6/(-12).
10
Suppose 3*d - 3 = 33. Let h = 11 - -22. What is the remainder when h is divided by d?
9
Let g(z) = -z**3 - 14*z**2 + 15*z + 5. What is the remainder when g(-15) is divided by 3?
2
Suppose -3*m + 12 = -0*m. Let a = m - -14. Suppose -2*v = 5*l - 0*v - 160, -2*l = 5*v - 43. What is the remainder when l is divided by a?
16
Let f(s) = 21*s**2 - 2*s + 1. What is the remainder when f(1) is divided by 14?
6
Let q(p) = -p**2 - 13*p - 13. Let c be 4*(25/(-2))/5. Let m(a) = 2*a**3 - 6*a**2 + 1. Calculate the remainder when m(4) is divided by q(c).
16
Let p be -1*(1 + -454 + 0). Suppose -4*c + 89 - p = 0. Let d = -65 - c. Calculate the remainder when d is divided by 14.
12
Suppose 20 = 2*u - 20. What is the remainder when 37 is divided by u?
17
Let i(b) = -8*b - 8. What is the remainder when i(-10) is divided by 26?
20
Let j = 173 + -91. Calculate the remainder when j is divided by 28.
26
Let y(l) = 52*l**2 - l. What is the remainder when y(1) is divided by 26?
25
Let n(g) = 5*g**3 - g**2 + 1. What is the remainder when n(1) is divided by 1?
0
Calculate the remainder when ((-3)/6)/(5/(-130)) is divided by 4.
1
Let y be (-1)/((6/(-15))/2). Calculate the remainder when 48 is divided by 50*(y/2 - 2).
23
Suppose 4*y = -5*l + 76, 5*l = y + 4 + 2. Suppose 3*a = 3*r - 261, 0 = -2*r + 2*a + 3*a + 183. Let h = -58 + r. Calculate the remainder when h is divided by y.
12
Let t be 8 + -4 - -1*2. Let k = t - 1. What is the remainder when 19 is divided by k?
4
Let t(b) = 2*b. Let a be t(3). What is the remainder when 29/(1*3/a) is divided by 20?
18
Let x(m) = m + 11. Let k(d) = -2*d - 2. Let i be k(-2). Suppose -i*y - 2*g + 56 = 0, 0 = 7*y - 2*y + 4*g - 143. What is the remainder when y is divided by x(0)?
9
Suppose 9 + 0 = 3*k. Suppose 0 = 3*r - 3 - k. Suppose -5*g - 2*y = -51, r*g + g - 3*y - 18 = 0. What is the remainder when g is divided by 4?
1
Let f = 26 - 11. Calculate the remainder when 28 is divided by f.
13
Suppose 2*b = 4*i + 150, b + 4*b - 5*i - 360 = 0. What is the remainder when b is divided by 18?
15
Let r(g) = -g**3 + 5*g**2 + 7*g + 1. Calculate the remainder when 62 is divided by r(6).
6
Let d = 0 - -12. Calculate the remainder when 35 is divided by d.
11
Suppose -4*d + 3*t = -0*t - 25, 3*d - 21 = 3*t. Suppose -w - m = -21, 3*w - 9 = d*m + 33. Calculate the remainder when 70 is divided by w.
16
Suppose -2*k = -8 - 32. Suppose 2*j - 7*j = -k. Calculate the remainder when 5 is divided by j.
1
Suppose 6*p = -t + 2*p + 20, -15 = 3*t - 3*p. Suppose 0 = c - t*c - 32. Calculate the remainder when c is divided by 11.
10
Suppose 2*p = 573 - 153. Suppose -p = -6*g + g. Calculate the remainder when g is divided by 11.
9
Let r(n) = n**2 - n + 11. Suppose -2 = 3*u + s, 2*u - 5*s - 10 = -0*s. What is the remainder when r(u) is divided by (2 + (-8)/3)*-9?
5
Suppose -o = -5*o + 420. Calculate the remainder when o is divided by 12.
9
Let o be (-6)/(-4)*(-20)/(-15). Suppose 2*y = -o*y + 20. Suppose 4*k - 20 = -3*w + 20, 60 = 5*w + y*k. What is the remainder when w is divided by 3?
2
Let k(h) = -3*h + 11. Let f be k(9). Calculate the remainder when 32 is divided by (68/f)/((-2)/8).
15
Let p = 29 - 21. Calculate the remainder when 11 is divided by p/28 - 80/(-14).
5
Suppose 0 = 5*c - 5*i - 5, -2*c + c + 4*i = 8. Suppose -3*q = c*j - 321, -j - j - 228 = -2*q. What is the remainder when q is divided by 28?
27
Suppose 5*p + 3 = 28. What is the remainder when 7 is divided by p?
2
Let d = 12 - -26. Let h = -364 + 384. Calculate the remainder when d is divided by h.
18
Suppose -8 + 4 = -4*p. Let k(i) = 23*i**3 - 3*i**2 + 2*i. Let c be k(2). What is the remainder when c/40*(4 + p) is divided by 6?
4
Suppose -3*p - 38 = -5*p. Calculate the remainder when 35 is divided by p.
16
Suppose 0 = w + 1 - 2. What is the remainder when (35 + 0)/(1/w) is divided by 18?
17
Let v = 30 - 2. What is the remainder when v is divided by 10?
8
Suppose 2*k - 84 = -5*k. Calculate the remainder when k is divided by 3.
0
Let d(r) = r**3 - 10*r**2 - 7*r + 2. What is the remainder when 183 is divided by d(11)?
45
Let n(j) = -j**3 - 4*j**2 + 4*j - 24. What is the remainder when n(-6) is divided by 9?
6
Let x = -79 + 88. Calculate the remainder when 29 is divided by x.
2
Let p = -559 - -563. Suppose -5*m - 19 = -3*b, 4*b - 3*m = -2*m + 48. Calculate the remainder when b is divided by p.
1
Let d(p) = 15 - 7*p + 3*p - 2 - p**2 + 3*p. Suppose l - 4 = 2*q, 2*l + 3*q + 6 = -0*l. Calculate the remainder when d(l) is divided by 5.
3
Suppose -10 = a - 5*n, -5*n + 8 = a - n. Let u = -5 + a. What is the remainder when 40 is divided by (28/u)/(4/(-10))?
12
Let l be (1 - 1) + -2 - -1. Let s be l*(-2)/(-4)*-8. Suppose -s*o = -10 - 54. Calculate the remainder when 30 is divided by o.
14
Let r be ((-8)/(-10))/((-2)/10). Let w be ((-2)/3)/(r/18). Suppose -w*i + 8 + 1 = 0. Calculate the remainder when 4 is divided by i.
1
Let i be 3/((1 + -3)/(-2)). Suppose 0 = 2*x - 5*x - i, 3*n - 32 = 5*x. Calculate the remainder when 25 is divided by n.
7
Suppose c + 18 = 5*k, 5*c + 15 = k + c. Suppose 5*v + 2*s = 66 + 183, -s + 149 = k*v. Suppose 2*u - 17 = u. Calculate the remainder when v is divided by u.
15
Suppose 2*n + 1 = -11. Calculate the remainder when (-2)/(-3) - 50/n is divided by 3.
0
Let f = 8 + 7. Calculate the remainder when f is divided by 9.
6
Let i = -39 - -41. What is the remainder when 17 is divided by i?
1
Suppose 12*v = 8*v + 72. Calculate the remainder when 107 is divided by v.
17
Let i = -4 - -7. Suppose i*s = -0*s + 36. What is the remainder when 70 is divided by s?
10
What is the remainder when 113 is divided by (-8)/2 + 34 + -1?
26
Suppose 3*j - x = 4*j - 6, 12 = 3*j - 3*x. Let c(a) = -a**3 + 4*a**2 + a. What is the remainder when j is divided by c(4)?
1
Let n = -1 + 2. Let d be 0 + n/((-3)/(-123)). Suppose 0 = 4*y + 11 + 5, u - 4*y = d. Calculate the remainder when u is divided by 9.
7
Let a(m) = -m + 30. Let l be ((-8)/10)/(4/(-30)). Suppose -c = 1 - l. Calculate the remainder when a(11) is divided by c.
4
Let m be (-1)/2 - 1866/12. What is the remainder when 38 is divided by (2/3)/((-8)/m)?
12
Let c(w) = -2*w + 3. Let u(v) = 5*v - 10. Let s(a) = 7*c(a) + 2*u(a). What is the remainder when (0 + -26)*1/(-2) is divided by s(-1)?
3
Suppose -v - 5 = -39. Let m(d) = d**3 + 8*d**2 + 10*d + 6. Suppose -g - 6 = -0. What is the remainder when v is divided by m(g)?
16
Let j(g) = -g**3 + 2*g**2 + 3*g - 1. Let b be j(-3). Let c = b - 13. Suppose 0 = p - c - 17. Calculate the remainder when p is divided by 10.
9
Suppose 0 = w, -15 = -3*u - 4*w + 33. Calculate the remainder when 31 is divided by u.
15
Calculate the remainder when 28 is divided by 0*(-5)/(-25) + 8.
4
Suppose j = -4 + 18. Suppose 5*z - j - 11 = 0. Let u(b) = -b + 2. Calculate the remainder when z is divided by u(0).
1
Let z(d) = d**2 + 3*d - 2. Let i be z(-4). Let b(o) 